{"id":885,"date":"2022-05-18T20:58:14","date_gmt":"2022-05-19T00:58:14","guid":{"rendered":"http:\/\/construccionmathiesen.com\/peru\/?page_id=885"},"modified":"2024-05-16T11:34:00","modified_gmt":"2024-05-16T15:34:00","slug":"contacto","status":"publish","type":"page","link":"https:\/\/construccionmathiesen.com\/peru\/contacto\/","title":{"rendered":"Contacto"},"content":{"rendered":"\t\t<div data-elementor-type=\"wp-page\" data-elementor-id=\"885\" class=\"elementor elementor-885\">\n\t\t\t\t\t\t<div class=\"elementor-inner\">\n\t\t\t\t<div class=\"elementor-section-wrap\">\n\t\t\t\t\t\t\t\t\t<section class=\"elementor-section elementor-top-section elementor-element elementor-element-13210f07 elementor-reverse-tablet elementor-reverse-mobile elementor-section-boxed elementor-section-height-default elementor-section-height-default\" data-id=\"13210f07\" data-element_type=\"section\" data-settings=\"{&quot;background_background&quot;:&quot;classic&quot;}\">\n\t\t\t\t\t\t\t<div class=\"elementor-background-overlay\"><\/div>\n\t\t\t\t\t\t\t<div class=\"elementor-container elementor-column-gap-default\">\n\t\t\t\t\t\t\t<div class=\"elementor-row\">\n\t\t\t\t\t<div class=\"elementor-column elementor-col-50 elementor-top-column elementor-element elementor-element-de77f4a\" data-id=\"de77f4a\" data-element_type=\"column\" data-settings=\"{&quot;background_background&quot;:&quot;classic&quot;,&quot;motion_fx_motion_fx_scrolling&quot;:&quot;yes&quot;,&quot;motion_fx_translateY_effect&quot;:&quot;yes&quot;,&quot;motion_fx_translateY_direction&quot;:&quot;negative&quot;,&quot;motion_fx_translateY_speed&quot;:{&quot;unit&quot;:&quot;px&quot;,&quot;size&quot;:&quot;1&quot;,&quot;sizes&quot;:[]},&quot;motion_fx_devices&quot;:[&quot;desktop&quot;,&quot;tablet&quot;],&quot;motion_fx_translateY_affectedRange&quot;:{&quot;unit&quot;:&quot;%&quot;,&quot;size&quot;:&quot;&quot;,&quot;sizes&quot;:{&quot;start&quot;:0,&quot;end&quot;:100}}}\">\n\t\t\t<div class=\"elementor-column-wrap elementor-element-populated\">\n\t\t\t\t\t\t\t<div class=\"elementor-widget-wrap\">\n\t\t\t\t\t\t<div class=\"elementor-element elementor-element-283cafc4 elementor-button-align-end elementor-widget elementor-widget-form\" data-id=\"283cafc4\" data-element_type=\"widget\" data-settings=\"{&quot;step_next_label&quot;:&quot;Siguiente&quot;,&quot;step_previous_label&quot;:&quot;Anterior&quot;,&quot;button_width&quot;:&quot;100&quot;,&quot;step_type&quot;:&quot;number_text&quot;,&quot;step_icon_shape&quot;:&quot;circle&quot;}\" data-widget_type=\"form.default\">\n\t\t\t\t<div class=\"elementor-widget-container\">\n\t\t\t\t\t<form class=\"elementor-form\" method=\"post\" name=\"Formulario P\u00e1gina Contacto\">\n\t\t\t<input type=\"hidden\" name=\"post_id\" value=\"885\"\/>\n\t\t\t<input type=\"hidden\" name=\"form_id\" value=\"283cafc4\"\/>\n\t\t\t<input type=\"hidden\" name=\"referer_title\" value=\"Construcci\u00f3n Mathiesen Per\u00fa\" \/>\n\n\t\t\t\n\t\t\t<div class=\"elementor-form-fields-wrapper elementor-labels-\">\n\t\t\t\t\t\t\t\t<div class=\"elementor-field-type-text elementor-field-group elementor-column elementor-field-group-name elementor-col-100\">\n\t\t\t\t\t\t\t\t\t\t\t\t<label for=\"form-field-name\" class=\"elementor-field-label elementor-screen-only\">\n\t\t\t\t\t\t\t\tNombre\t\t\t\t\t\t\t<\/label>\n\t\t\t\t\t\t\t\t\t\t\t\t\t\t<input size=\"1\" type=\"text\" name=\"form_fields[name]\" id=\"form-field-name\" class=\"elementor-field elementor-size-md  elementor-field-textual\" placeholder=\"Nombre\">\n\t\t\t\t\t\t\t\t\t\t\t<\/div>\n\t\t\t\t\t\t\t\t<div class=\"elementor-field-type-tel elementor-field-group elementor-column elementor-field-group-email elementor-col-100 elementor-field-required\">\n\t\t\t\t\t\t\t\t\t\t\t\t<label for=\"form-field-email\" class=\"elementor-field-label elementor-screen-only\">\n\t\t\t\t\t\t\t\tTel\u00e9fono\t\t\t\t\t\t\t<\/label>\n\t\t\t\t\t\t\t\t<input size=\"1\" type=\"tel\" name=\"form_fields[email]\" id=\"form-field-email\" class=\"elementor-field elementor-size-md  elementor-field-textual\" placeholder=\"Tel\u00e9fono\" required=\"required\" aria-required=\"true\" pattern=\"[0-9()#&amp;+*-=.]+\" title=\"Only numbers and phone characters (#, -, *, etc) are accepted.\">\n\n\t\t\t\t\t\t<\/div>\n\t\t\t\t\t\t\t\t<div class=\"elementor-field-type-email elementor-field-group elementor-column elementor-field-group-field_1 elementor-col-100 elementor-field-required\">\n\t\t\t\t\t\t\t\t\t\t\t\t<label for=\"form-field-field_1\" class=\"elementor-field-label elementor-screen-only\">\n\t\t\t\t\t\t\t\tEmail\t\t\t\t\t\t\t<\/label>\n\t\t\t\t\t\t\t\t\t\t\t\t\t\t<input size=\"1\" type=\"email\" name=\"form_fields[field_1]\" id=\"form-field-field_1\" class=\"elementor-field elementor-size-md  elementor-field-textual\" placeholder=\"Email\" required=\"required\" aria-required=\"true\">\n\t\t\t\t\t\t\t\t\t\t\t<\/div>\n\t\t\t\t\t\t\t\t<div class=\"elementor-field-type-textarea elementor-field-group elementor-column elementor-field-group-message elementor-col-100\">\n\t\t\t\t\t\t\t\t\t\t\t\t<label for=\"form-field-message\" class=\"elementor-field-label elementor-screen-only\">\n\t\t\t\t\t\t\t\tMensaje\t\t\t\t\t\t\t<\/label>\n\t\t\t\t\t\t<textarea class=\"elementor-field-textual elementor-field  elementor-size-md\" name=\"form_fields[message]\" id=\"form-field-message\" rows=\"4\" placeholder=\"Mensaje\"><\/textarea>\t\t\t\t<\/div>\n\t\t\t\t\t\t\t\t<div class=\"elementor-field-type-recaptcha_v3 elementor-field-group elementor-column elementor-field-group-field_7e7133f elementor-col-100 recaptcha_v3-inline\">\n\t\t\t\t\t<div class=\"elementor-field\" id=\"form-field-field_7e7133f\"><div class=\"elementor-g-recaptcha\" data-sitekey=\"6LeY7iopAAAAABHPkmC6_UdOxBnMK0wDXAFmwyUN\" data-type=\"v3\" data-action=\"Form\" data-badge=\"inline\" data-size=\"invisible\"><\/div><\/div>\t\t\t\t<\/div>\n\t\t\t\t\t\t\t\t<div class=\"elementor-field-group elementor-column elementor-field-type-submit elementor-col-100 e-form__buttons\">\n\t\t\t\t\t<button type=\"submit\" class=\"elementor-button elementor-size-md\">\n\t\t\t\t\t\t<span >\n\t\t\t\t\t\t\t\t\t\t\t\t\t\t\t<span class=\"elementor-align-icon-right elementor-button-icon\">\n\t\t\t\t\t\t\t\t\t<i aria-hidden=\"true\" class=\"fas fa-arrow-right\"><\/i>\t\t\t\t\t\t\t\t\t\t\t\t\t\t\t\t\t<\/span>\n\t\t\t\t\t\t\t\t\t\t\t\t\t\t\t\t\t\t\t\t\t\t<span class=\"elementor-button-text\">Enviar<\/span>\n\t\t\t\t\t\t\t\t\t\t\t\t\t<\/span>\n\t\t\t\t\t<\/button>\n\t\t\t\t<\/div>\n\t\t\t<\/div>\n\t\t<\/form>\n\t\t\t\t<\/div>\n\t\t\t\t<\/div>\n\t\t\t\t\t\t<\/div>\n\t\t\t\t\t<\/div>\n\t\t<\/div>\n\t\t\t\t<div class=\"elementor-column elementor-col-50 elementor-top-column elementor-element elementor-element-773e2c9c\" data-id=\"773e2c9c\" data-element_type=\"column\">\n\t\t\t<div class=\"elementor-column-wrap elementor-element-populated\">\n\t\t\t\t\t\t\t<div class=\"elementor-widget-wrap\">\n\t\t\t\t\t\t<div class=\"elementor-element elementor-element-31caa2c1 elementor-widget elementor-widget-heading\" data-id=\"31caa2c1\" data-element_type=\"widget\" data-widget_type=\"heading.default\">\n\t\t\t\t<div class=\"elementor-widget-container\">\n\t\t\t<h3 class=\"elementor-heading-title elementor-size-default\">Contacto<\/h3>\t\t<\/div>\n\t\t\t\t<\/div>\n\t\t\t\t<div class=\"elementor-element elementor-element-1b7dd213 elementor-widget elementor-widget-heading\" data-id=\"1b7dd213\" data-element_type=\"widget\" data-widget_type=\"heading.default\">\n\t\t\t\t<div class=\"elementor-widget-container\">\n\t\t\t<h2 class=\"elementor-heading-title elementor-size-default\">Encantados de conocerte<\/h2>\t\t<\/div>\n\t\t\t\t<\/div>\n\t\t\t\t<div class=\"elementor-element elementor-element-77051631 elementor-widget elementor-widget-text-editor\" data-id=\"77051631\" data-element_type=\"widget\" data-widget_type=\"text-editor.default\">\n\t\t\t\t<div class=\"elementor-widget-container\">\n\t\t\t\t\t\t\t\t<div class=\"elementor-text-editor elementor-clearfix\">\n\t\t\t\t<p class=\"p1\">Si tiene preguntas, requieres cotizaciones o soporte comercial, escr\u00edbenos.<\/p>\t\t\t\t\t<\/div>\n\t\t\t\t\t\t<\/div>\n\t\t\t\t<\/div>\n\t\t\t\t\t\t<\/div>\n\t\t\t\t\t<\/div>\n\t\t<\/div>\n\t\t\t\t\t\t\t\t<\/div>\n\t\t\t\t\t<\/div>\n\t\t<\/section>\n\t\t\t\t<section class=\"elementor-section elementor-top-section elementor-element elementor-element-73ecd312 elementor-section-boxed elementor-section-height-default elementor-section-height-default\" data-id=\"73ecd312\" data-element_type=\"section\" data-settings=\"{&quot;background_background&quot;:&quot;gradient&quot;}\">\n\t\t\t\t\t\t\t<div class=\"elementor-background-overlay\"><\/div>\n\t\t\t\t\t\t\t<div class=\"elementor-container elementor-column-gap-default\">\n\t\t\t\t\t\t\t<div class=\"elementor-row\">\n\t\t\t\t\t<div class=\"elementor-column elementor-col-50 elementor-top-column elementor-element elementor-element-5f0e6548\" data-id=\"5f0e6548\" data-element_type=\"column\">\n\t\t\t<div class=\"elementor-column-wrap elementor-element-populated\">\n\t\t\t\t\t\t\t<div class=\"elementor-widget-wrap\">\n\t\t\t\t\t\t<div class=\"elementor-element elementor-element-4c6fae93 elementor-widget elementor-widget-heading\" data-id=\"4c6fae93\" data-element_type=\"widget\" data-widget_type=\"heading.default\">\n\t\t\t\t<div class=\"elementor-widget-container\">\n\t\t\t<h4 class=\"elementor-heading-title elementor-size-default\">Buscas un producto especial?<\/h4>\t\t<\/div>\n\t\t\t\t<\/div>\n\t\t\t\t<div class=\"elementor-element elementor-element-5d398ca6 elementor-widget elementor-widget-heading\" data-id=\"5d398ca6\" data-element_type=\"widget\" data-widget_type=\"heading.default\">\n\t\t\t\t<div class=\"elementor-widget-container\">\n\t\t\t<h2 class=\"elementor-heading-title elementor-size-default\">Conoce nuestro servicio de Importaci\u00f3n Directa<\/h2>\t\t<\/div>\n\t\t\t\t<\/div>\n\t\t\t\t<div class=\"elementor-element elementor-element-370ddfb8 elementor-mobile-align-center elementor-widget elementor-widget-button\" data-id=\"370ddfb8\" data-element_type=\"widget\" data-widget_type=\"button.default\">\n\t\t\t\t<div class=\"elementor-widget-container\">\n\t\t\t\t\t<div class=\"elementor-button-wrapper\">\n\t\t\t<a class=\"elementor-button elementor-button-link elementor-size-md\" href=\"https:\/\/api.whatsapp.com\/send?phone=56944899922\">\n\t\t\t\t\t\t<span class=\"elementor-button-content-wrapper\">\n\t\t\t\t\t\t<span class=\"elementor-button-icon elementor-align-icon-right\">\n\t\t\t\t<i aria-hidden=\"true\" class=\"fas fa-arrow-right\"><\/i>\t\t\t<\/span>\n\t\t\t\t\t\t<span class=\"elementor-button-text\">Hablemos<\/span>\n\t\t<\/span>\n\t\t\t\t\t<\/a>\n\t\t<\/div>\n\t\t\t\t<\/div>\n\t\t\t\t<\/div>\n\t\t\t\t\t\t<\/div>\n\t\t\t\t\t<\/div>\n\t\t<\/div>\n\t\t\t\t<div class=\"elementor-column elementor-col-50 elementor-top-column elementor-element elementor-element-20683f62\" data-id=\"20683f62\" data-element_type=\"column\">\n\t\t\t<div class=\"elementor-column-wrap elementor-element-populated\">\n\t\t\t\t\t\t\t<div class=\"elementor-widget-wrap\">\n\t\t\t\t\t\t<div class=\"elementor-element elementor-element-9aefea7 elementor-widget elementor-widget-image\" data-id=\"9aefea7\" data-element_type=\"widget\" data-settings=\"{&quot;motion_fx_motion_fx_scrolling&quot;:&quot;yes&quot;,&quot;motion_fx_translateY_effect&quot;:&quot;yes&quot;,&quot;motion_fx_translateY_direction&quot;:&quot;negative&quot;,&quot;motion_fx_translateY_speed&quot;:{&quot;unit&quot;:&quot;px&quot;,&quot;size&quot;:&quot;1&quot;,&quot;sizes&quot;:[]},&quot;motion_fx_devices&quot;:[&quot;desktop&quot;,&quot;tablet&quot;],&quot;motion_fx_translateY_affectedRange&quot;:{&quot;unit&quot;:&quot;%&quot;,&quot;size&quot;:&quot;&quot;,&quot;sizes&quot;:{&quot;start&quot;:&quot;0&quot;,&quot;end&quot;:&quot;50&quot;}}}\" data-widget_type=\"image.default\">\n\t\t\t\t<div class=\"elementor-widget-container\">\n\t\t\t\t\t\t\t\t<div class=\"elementor-image\">\n\t\t\t\t\t\t\t\t\t\t\t\t<img loading=\"lazy\" decoding=\"async\" width=\"2560\" height=\"1707\" src=\"https:\/\/construccionmathiesen.com\/peru\/wp-content\/uploads\/sites\/2\/2022\/05\/pexels-pixabay-262353-scaled.jpg\" class=\"attachment-full size-full wp-image-634\" alt=\"mathiesen importaciones\" srcset=\"https:\/\/construccionmathiesen.com\/peru\/wp-content\/uploads\/sites\/2\/2022\/05\/pexels-pixabay-262353-scaled.jpg 2560w, https:\/\/construccionmathiesen.com\/peru\/wp-content\/uploads\/sites\/2\/2022\/05\/pexels-pixabay-262353-300x200.jpg 300w, https:\/\/construccionmathiesen.com\/peru\/wp-content\/uploads\/sites\/2\/2022\/05\/pexels-pixabay-262353-1024x683.jpg 1024w, https:\/\/construccionmathiesen.com\/peru\/wp-content\/uploads\/sites\/2\/2022\/05\/pexels-pixabay-262353-768x512.jpg 768w, https:\/\/construccionmathiesen.com\/peru\/wp-content\/uploads\/sites\/2\/2022\/05\/pexels-pixabay-262353-1536x1024.jpg 1536w, https:\/\/construccionmathiesen.com\/peru\/wp-content\/uploads\/sites\/2\/2022\/05\/pexels-pixabay-262353-2048x1365.jpg 2048w\" sizes=\"(max-width: 2560px) 100vw, 2560px\" \/>\t\t\t\t\t\t\t\t\t\t\t\t\t\t<\/div>\n\t\t\t\t\t\t<\/div>\n\t\t\t\t<\/div>\n\t\t\t\t\t\t<\/div>\n\t\t\t\t\t<\/div>\n\t\t<\/div>\n\t\t\t\t\t\t\t\t<\/div>\n\t\t\t\t\t<\/div>\n\t\t<\/section>\n\t\t\t\t\t\t\t\t\t<\/div>\n\t\t\t<\/div>\n\t\t\t\t\t<\/div>\n\t\t","protected":false},"excerpt":{"rendered":"<p>Contacto Encantados de conocerte Si tiene preguntas, requieres cotizaciones o soporte comercial, escr\u00edbenos. Buscas un producto especial? Conoce nuestro servicio de Importaci\u00f3n Directa Hablemos<\/p>\n","protected":false},"author":1,"featured_media":634,"parent":0,"menu_order":0,"comment_status":"closed","ping_status":"closed","template":"","meta":{"footnotes":""},"acf":[],"yoast_head":"<!-- This site is optimized with the Yoast SEO plugin v21.6 - https:\/\/yoast.com\/wordpress\/plugins\/seo\/ -->\n<title>Contacto - Construcci\u00f3n Mathiesen Per\u00fa<\/title>\n<meta name=\"description\" content=\"Cont\u00e1ctanos - Buscas un producto en particular? Conoce nuestro servicio de importaci\u00f3n directa - Mathiesen Construcci\u00f3n\" \/>\n<meta name=\"robots\" content=\"index, follow, max-snippet:-1, max-image-preview:large, max-video-preview:-1\" \/>\n<link rel=\"canonical\" href=\"https:\/\/construccionmathiesen.com\/peru\/contacto\/\" \/>\n<meta property=\"og:locale\" content=\"es_ES\" \/>\n<meta property=\"og:type\" content=\"article\" \/>\n<meta property=\"og:title\" content=\"Contacto - Construcci\u00f3n Mathiesen Per\u00fa\" \/>\n<meta property=\"og:description\" content=\"Cont\u00e1ctanos - Buscas un producto en particular? Conoce nuestro servicio de importaci\u00f3n directa - Mathiesen Construcci\u00f3n\" \/>\n<meta property=\"og:url\" content=\"https:\/\/construccionmathiesen.com\/peru\/contacto\/\" \/>\n<meta property=\"og:site_name\" content=\"Construcci\u00f3n Mathiesen Per\u00fa\" \/>\n<meta property=\"article:modified_time\" content=\"2024-05-16T15:34:00+00:00\" \/>\n<meta property=\"og:image\" content=\"https:\/\/construccionmathiesen.com\/peru\/wp-content\/uploads\/sites\/2\/2022\/05\/pexels-pixabay-262353-scaled.jpg\" \/>\n\t<meta property=\"og:image:width\" content=\"2560\" \/>\n\t<meta property=\"og:image:height\" content=\"1707\" \/>\n\t<meta property=\"og:image:type\" content=\"image\/jpeg\" \/>\n<meta name=\"twitter:card\" content=\"summary_large_image\" \/>\n<meta name=\"twitter:label1\" content=\"Est. reading time\" \/>\n\t<meta name=\"twitter:data1\" content=\"1 minuto\" \/>\n<script type=\"application\/ld+json\" class=\"yoast-schema-graph\">{\"@context\":\"https:\/\/schema.org\",\"@graph\":[{\"@type\":\"WebPage\",\"@id\":\"https:\/\/construccionmathiesen.com\/peru\/contacto\/\",\"url\":\"https:\/\/construccionmathiesen.com\/peru\/contacto\/\",\"name\":\"Contacto - Construcci\u00f3n Mathiesen Per\u00fa\",\"isPartOf\":{\"@id\":\"https:\/\/construccionmathiesen.com\/peru\/#website\"},\"datePublished\":\"2022-05-19T00:58:14+00:00\",\"dateModified\":\"2024-05-16T15:34:00+00:00\",\"description\":\"Cont\u00e1ctanos - Buscas un producto en particular? Conoce nuestro servicio de importaci\u00f3n directa - Mathiesen Construcci\u00f3n\",\"breadcrumb\":{\"@id\":\"https:\/\/construccionmathiesen.com\/peru\/contacto\/#breadcrumb\"},\"inLanguage\":\"es-CL\",\"potentialAction\":[{\"@type\":\"ReadAction\",\"target\":[\"https:\/\/construccionmathiesen.com\/peru\/contacto\/\"]}]},{\"@type\":\"BreadcrumbList\",\"@id\":\"https:\/\/construccionmathiesen.com\/peru\/contacto\/#breadcrumb\",\"itemListElement\":[{\"@type\":\"ListItem\",\"position\":1,\"name\":\"Portada\",\"item\":\"https:\/\/construccionmathiesen.com\/peru\/\"},{\"@type\":\"ListItem\",\"position\":2,\"name\":\"Contacto\"}]},{\"@type\":\"WebSite\",\"@id\":\"https:\/\/construccionmathiesen.com\/peru\/#website\",\"url\":\"https:\/\/construccionmathiesen.com\/peru\/\",\"name\":\"Construcci\u00f3n Mathiesen Per\u00fa\",\"description\":\"Expertos en productos Arquitect\u00f3nicos e Industriales\",\"publisher\":{\"@id\":\"https:\/\/construccionmathiesen.com\/peru\/#organization\"},\"potentialAction\":[{\"@type\":\"SearchAction\",\"target\":{\"@type\":\"EntryPoint\",\"urlTemplate\":\"https:\/\/construccionmathiesen.com\/peru\/?s={search_term_string}\"},\"query-input\":\"required name=search_term_string\"}],\"inLanguage\":\"es-CL\"},{\"@type\":\"Organization\",\"@id\":\"https:\/\/construccionmathiesen.com\/peru\/#organization\",\"name\":\"Construcci\u00f3n Mathiesen Per\u00fa\",\"url\":\"https:\/\/construccionmathiesen.com\/peru\/\",\"logo\":{\"@type\":\"ImageObject\",\"inLanguage\":\"es-CL\",\"@id\":\"https:\/\/construccionmathiesen.com\/peru\/#\/schema\/logo\/image\/\",\"url\":\"https:\/\/construccionmathiesen.com\/peru\/wp-content\/uploads\/sites\/2\/2022\/04\/Logotipos-Mathiesen-2021-12.png\",\"contentUrl\":\"https:\/\/construccionmathiesen.com\/peru\/wp-content\/uploads\/sites\/2\/2022\/04\/Logotipos-Mathiesen-2021-12.png\",\"width\":1496,\"height\":298,\"caption\":\"Construcci\u00f3n Mathiesen Per\u00fa\"},\"image\":{\"@id\":\"https:\/\/construccionmathiesen.com\/peru\/#\/schema\/logo\/image\/\"}}]}<\/script>\n<!-- \/ Yoast SEO plugin. -->","yoast_head_json":{"title":"Contacto - Construcci\u00f3n Mathiesen Per\u00fa","description":"Cont\u00e1ctanos - Buscas un producto en particular? Conoce nuestro servicio de importaci\u00f3n directa - Mathiesen Construcci\u00f3n","robots":{"index":"index","follow":"follow","max-snippet":"max-snippet:-1","max-image-preview":"max-image-preview:large","max-video-preview":"max-video-preview:-1"},"canonical":"https:\/\/construccionmathiesen.com\/peru\/contacto\/","og_locale":"es_ES","og_type":"article","og_title":"Contacto - Construcci\u00f3n Mathiesen Per\u00fa","og_description":"Cont\u00e1ctanos - Buscas un producto en particular? Conoce nuestro servicio de importaci\u00f3n directa - Mathiesen Construcci\u00f3n","og_url":"https:\/\/construccionmathiesen.com\/peru\/contacto\/","og_site_name":"Construcci\u00f3n Mathiesen Per\u00fa","article_modified_time":"2024-05-16T15:34:00+00:00","og_image":[{"width":2560,"height":1707,"url":"https:\/\/construccionmathiesen.com\/peru\/wp-content\/uploads\/sites\/2\/2022\/05\/pexels-pixabay-262353-scaled.jpg","type":"image\/jpeg"}],"twitter_card":"summary_large_image","twitter_misc":{"Est. reading time":"1 minuto"},"schema":{"@context":"https:\/\/schema.org","@graph":[{"@type":"WebPage","@id":"https:\/\/construccionmathiesen.com\/peru\/contacto\/","url":"https:\/\/construccionmathiesen.com\/peru\/contacto\/","name":"Contacto - Construcci\u00f3n Mathiesen Per\u00fa","isPartOf":{"@id":"https:\/\/construccionmathiesen.com\/peru\/#website"},"datePublished":"2022-05-19T00:58:14+00:00","dateModified":"2024-05-16T15:34:00+00:00","description":"Cont\u00e1ctanos - Buscas un producto en particular? Conoce nuestro servicio de importaci\u00f3n directa - Mathiesen Construcci\u00f3n","breadcrumb":{"@id":"https:\/\/construccionmathiesen.com\/peru\/contacto\/#breadcrumb"},"inLanguage":"es-CL","potentialAction":[{"@type":"ReadAction","target":["https:\/\/construccionmathiesen.com\/peru\/contacto\/"]}]},{"@type":"BreadcrumbList","@id":"https:\/\/construccionmathiesen.com\/peru\/contacto\/#breadcrumb","itemListElement":[{"@type":"ListItem","position":1,"name":"Portada","item":"https:\/\/construccionmathiesen.com\/peru\/"},{"@type":"ListItem","position":2,"name":"Contacto"}]},{"@type":"WebSite","@id":"https:\/\/construccionmathiesen.com\/peru\/#website","url":"https:\/\/construccionmathiesen.com\/peru\/","name":"Construcci\u00f3n Mathiesen Per\u00fa","description":"Expertos en productos Arquitect\u00f3nicos e Industriales","publisher":{"@id":"https:\/\/construccionmathiesen.com\/peru\/#organization"},"potentialAction":[{"@type":"SearchAction","target":{"@type":"EntryPoint","urlTemplate":"https:\/\/construccionmathiesen.com\/peru\/?s={search_term_string}"},"query-input":"required name=search_term_string"}],"inLanguage":"es-CL"},{"@type":"Organization","@id":"https:\/\/construccionmathiesen.com\/peru\/#organization","name":"Construcci\u00f3n Mathiesen Per\u00fa","url":"https:\/\/construccionmathiesen.com\/peru\/","logo":{"@type":"ImageObject","inLanguage":"es-CL","@id":"https:\/\/construccionmathiesen.com\/peru\/#\/schema\/logo\/image\/","url":"https:\/\/construccionmathiesen.com\/peru\/wp-content\/uploads\/sites\/2\/2022\/04\/Logotipos-Mathiesen-2021-12.png","contentUrl":"https:\/\/construccionmathiesen.com\/peru\/wp-content\/uploads\/sites\/2\/2022\/04\/Logotipos-Mathiesen-2021-12.png","width":1496,"height":298,"caption":"Construcci\u00f3n Mathiesen Per\u00fa"},"image":{"@id":"https:\/\/construccionmathiesen.com\/peru\/#\/schema\/logo\/image\/"}}]}},"_links":{"self":[{"href":"https:\/\/construccionmathiesen.com\/peru\/wp-json\/wp\/v2\/pages\/885"}],"collection":[{"href":"https:\/\/construccionmathiesen.com\/peru\/wp-json\/wp\/v2\/pages"}],"about":[{"href":"https:\/\/construccionmathiesen.com\/peru\/wp-json\/wp\/v2\/types\/page"}],"author":[{"embeddable":true,"href":"https:\/\/construccionmathiesen.com\/peru\/wp-json\/wp\/v2\/users\/1"}],"replies":[{"embeddable":true,"href":"https:\/\/construccionmathiesen.com\/peru\/wp-json\/wp\/v2\/comments?post=885"}],"version-history":[{"count":59,"href":"https:\/\/construccionmathiesen.com\/peru\/wp-json\/wp\/v2\/pages\/885\/revisions"}],"predecessor-version":[{"id":2320,"href":"https:\/\/construccionmathiesen.com\/peru\/wp-json\/wp\/v2\/pages\/885\/revisions\/2320"}],"wp:featuredmedia":[{"embeddable":true,"href":"https:\/\/construccionmathiesen.com\/peru\/wp-json\/wp\/v2\/media\/634"}],"wp:attachment":[{"href":"https:\/\/construccionmathiesen.com\/peru\/wp-json\/wp\/v2\/media?parent=885"}],"curies":[{"name":"wp","href":"https:\/\/api.w.org\/{rel}","templated":true}]}}